{"id":1653,"date":"2025-10-16T14:39:42","date_gmt":"2025-10-16T14:39:42","guid":{"rendered":"http:\/\/altinolukbilgisayar.online\/?page_id=1653"},"modified":"2025-10-17T19:28:22","modified_gmt":"2025-10-17T19:28:22","slug":"network","status":"publish","type":"page","link":"http:\/\/altinolukbilgisayar.com\/index.php\/network\/","title":{"rendered":"Network"},"content":{"rendered":"\t\t<div data-elementor-type=\"wp-page\" data-elementor-id=\"1653\" class=\"elementor elementor-1653\">\n\t\t\t\t<div class=\"elementor-element elementor-element-f095ded e-flex e-con-boxed e-con e-parent\" data-id=\"f095ded\" data-element_type=\"container\" data-e-type=\"container\">\n\t\t\t\t\t<div class=\"e-con-inner\">\n\t\t\t\t<div class=\"elementor-element elementor-element-9556b6a elementor-widget elementor-widget-text-editor\" data-id=\"9556b6a\" data-element_type=\"widget\" data-e-type=\"widget\" data-widget_type=\"text-editor.default\">\n\t\t\t\t\t\t\t\t\t<p>LAN (Local Area Network), belirli bir alan i\u00e7inde (\u00f6rne\u011fin, ev, ofis veya okul gibi) cihazlar\u0131n birbirine ba\u011flanarak veri payla\u015f\u0131m\u0131 yapmas\u0131n\u0131 sa\u011flayan yerel a\u011f sistemidir. LAN kurulumu i\u00e7in \u00f6ncelikle bir modem veya y\u00f6nlendirici (router) belirlenmeli ve a\u011f topolojisine g\u00f6re cihazlar kablolu (Ethernet) veya kablosuz (Wi-Fi) olarak ba\u011flanmal\u0131d\u0131r. Switch, eri\u015fim noktalar\u0131 (Access Point) ve a\u011f kablolar\u0131 gibi donan\u0131mlar da gerekli olabilir. Kurulum sonras\u0131, IP adresleri yap\u0131land\u0131r\u0131lmal\u0131, g\u00fcvenlik \u00f6nlemleri al\u0131nmal\u0131 (\u015fifreleme, g\u00fcvenlik duvar\u0131 vb.), a\u011f\u0131n performans\u0131 test edilerek optimize edilmelidir.<\/p><h2><span id=\"LAN_Nedir\" class=\"ez-toc-section\"><\/span>LAN Nedir?<\/h2><p data-start=\"43\" data-end=\"409\"><strong>LAN (Local Area Network)<\/strong>, s\u0131n\u0131rl\u0131 bir co\u011frafi alan i\u00e7inde cihazlar\u0131n birbiriyle haberle\u015fmesini sa\u011flayan \u00f6zel bir a\u011f t\u00fcr\u00fcd\u00fcr. Evler, ofisler, okullar, fabrikalar veya kamp\u00fcsler gibi belirli bir alanda kurulan LAN\u2019lar, cihazlar\u0131n h\u0131zl\u0131 ve g\u00fcvenilir bir \u015fekilde veri payla\u015fmas\u0131na, kaynaklar\u0131 ortak kullanmas\u0131na ve internet eri\u015fimini payla\u015fmas\u0131na olanak tan\u0131r.<\/p><p data-start=\"411\" data-end=\"739\">Bu a\u011f, kablolu (Ethernet) veya kablosuz (Wi-Fi) ba\u011flant\u0131larla olu\u015fturulabilir ve genellikle modem, router (y\u00f6nlendirici),\u00a0switch, access point gibi a\u011f bile\u015fenleri kullan\u0131larak y\u00f6netilir. LAN, internet gibi geni\u015f kapsaml\u0131 a\u011flardan farkl\u0131 olarak k\u00fc\u00e7\u00fck ve kapal\u0131 bir yap\u0131dad\u0131r, yani d\u0131\u015f d\u00fcnyadan ba\u011f\u0131ms\u0131z \u00e7al\u0131\u015fabilir.<\/p><p data-start=\"741\" data-end=\"1108\"><strong>LAN<\/strong>\u00a0i\u00e7indeki cihazlar, belirli bir IP adresi ve MAC adresi ile tan\u0131mlan\u0131r ve veri al\u0131\u015fveri\u015fini TCP\/IP protokol\u00fc gibi standart a\u011f protokolleri \u00fczerinden ger\u00e7ekle\u015ftirir. Kurulumun amac\u0131, cihazlar\u0131n h\u0131zl\u0131 veri iletimi yapmas\u0131n\u0131, ortak yaz\u0131c\u0131 veya dosya sunucusu gibi kaynaklar\u0131 payla\u015fmas\u0131n\u0131 ve g\u00fcvenli bir ileti\u015fim ortam\u0131 olu\u015fturmas\u0131n\u0131 sa\u011flamakt\u0131r.<\/p><p data-start=\"1110\" data-end=\"1262\" data-is-last-node=\"\"><a href=\"https:\/\/en.wikipedia.org\/wiki\/Local_area_network\" target=\"_blank\" rel=\"noopener\"><img fetchpriority=\"high\" decoding=\"async\" class=\"aligncenter wp-image-1773\" src=\"https:\/\/psateknoloji.com\/wp-content\/uploads\/2024\/06\/Home_LAN_local_area_network_example_diagram-1024x671.png\" sizes=\"(max-width: 704px) 100vw, 704px\" srcset=\"https:\/\/psateknoloji.com\/wp-content\/uploads\/2024\/06\/Home_LAN_local_area_network_example_diagram-1024x671.png 1024w, https:\/\/psateknoloji.com\/wp-content\/uploads\/2024\/06\/Home_LAN_local_area_network_example_diagram-300x197.png 300w, https:\/\/psateknoloji.com\/wp-content\/uploads\/2024\/06\/Home_LAN_local_area_network_example_diagram-768x503.png 768w, https:\/\/psateknoloji.com\/wp-content\/uploads\/2024\/06\/Home_LAN_local_area_network_example_diagram.png 1300w\" alt=\"\" width=\"704\" height=\"461\" \/><\/a>K\u0131sacas\u0131, LAN, belirli bir alanda cihazlar\u0131 bir araya getirerek h\u0131zl\u0131, g\u00fcvenilir ve kontroll\u00fc bir a\u011f ba\u011flant\u0131s\u0131 sunan yerel bir ileti\u015fim sistemidir.<\/p><h2><span id=\"LAN_Agi_Nasil_Kurulur\" class=\"ez-toc-section\"><\/span><b>LAN A\u011f\u0131 Nas\u0131l Kurulur?<\/b><\/h2><p>LAN kurulumuna ge\u00e7meden \u00f6nce, a\u011f\u0131n nas\u0131l kurulaca\u011f\u0131na dair ad\u0131mlar\u0131 \u00f6\u011frenmek \u00f6nemlidir.<\/p><p><b>1. Planlama ve Tasar\u0131m<\/b><\/p><ul><li aria-level=\"1\"><b>A\u011f\u0131n \u0130htiya\u00e7lar\u0131n\u0131 Belirleyin:<\/b>\u00a0Ka\u00e7 cihaz ba\u011flanacak, hangi kaynaklar payla\u015f\u0131lacak gibi sorular\u0131 yan\u0131tlayarak a\u011f\u0131n tasar\u0131m\u0131n\u0131 yap\u0131n.<\/li><li aria-level=\"1\"><b>Ba\u011flant\u0131 Noktalar\u0131n\u0131n Yerini Se\u00e7in:<\/b>\u00a0Ethernet kablolar\u0131 i\u00e7in uygun ba\u011flant\u0131 noktalar\u0131n\u0131 belirleyin.<\/li><\/ul><p><b><br \/>2. Donan\u0131mlar\u0131 Ba\u011flay\u0131n<\/b><\/p><ul><li aria-level=\"1\"><b>Modemi veya Y\u00f6nlendiriciyi Ba\u011flay\u0131n:<\/b>\u00a0\u0130lk olarak, internet ba\u011flant\u0131s\u0131 sa\u011flayacak modemi kurun.<\/li><li aria-level=\"1\"><b>Switch ve Ethernet Kablolar\u0131n\u0131 Ba\u011flay\u0131n:<\/b>\u00a0Modemi switch\u2019e ba\u011flay\u0131n ve cihazlar\u0131 ethernet kablolar\u0131 arac\u0131l\u0131\u011f\u0131yla switch\u2019e ba\u011flay\u0131n.<\/li><\/ul><p><b><br \/>3. A\u011f Ayarlar\u0131n\u0131 Yap\u0131land\u0131r\u0131n<\/b><\/p><ul><li aria-level=\"1\"><b>IP Adreslerini Ayarlay\u0131n:<\/b>\u00a0Her cihaz\u0131n benzersiz bir IP adresine sahip oldu\u011fundan emin olun.<\/li><li aria-level=\"1\"><b>A\u011f \u0130zinlerini Belirleyin:<\/b>\u00a0Payla\u015f\u0131lacak cihazlar ve dosyalar i\u00e7in gerekli izinleri d\u00fczenleyin.<\/li><\/ul><p><b><br \/>4. G\u00fcvenlik Ayarlar\u0131n\u0131 Yap\u0131n<\/b><\/p><ul><li aria-level=\"1\"><b>G\u00fc\u00e7l\u00fc Bir \u015eifre Belirleyin:<\/b>\u00a0A\u011f ba\u011flant\u0131s\u0131 i\u00e7in karma\u015f\u0131k bir \u015fifre se\u00e7in.<\/li><li aria-level=\"1\"><b>Firewall ve Antivir\u00fcs Programlar\u0131 Kurun:<\/b>\u00a0A\u011f\u0131 d\u0131\u015f tehditlere kar\u015f\u0131 korumak i\u00e7in\u00a0veri g\u00fcvenlik dan\u0131\u015fmanl\u0131\u011f\u0131\u00a0al\u0131n.<\/li><\/ul><p>Kurulum tamamland\u0131\u011f\u0131nda, t\u00fcm cihazlar\u0131n d\u00fczg\u00fcn \u00e7al\u0131\u015ft\u0131\u011f\u0131n\u0131 ve ba\u011flant\u0131n\u0131n sa\u011fland\u0131\u011f\u0131n\u0131 kontrol etmek i\u00e7in testler yap\u0131n.<\/p><h2><span id=\"LAN_Kurulumu_icin_Gerekli_Ekipmanlar\" class=\"ez-toc-section\"><\/span><b>LAN Kurulumu i\u00e7in Gerekli Ekipmanlar<\/b><\/h2><p>LAN kurulumu i\u00e7in baz\u0131 temel ekipmanlara ihtiya\u00e7 duyulur.<\/p><ol><li aria-level=\"1\"><b>Modem veya Y\u00f6nlendirici:<\/b>\u00a0\u0130nternet ba\u011flant\u0131s\u0131n\u0131 sa\u011flamak ve cihazlar\u0131 internete ba\u011flamak i\u00e7in kullan\u0131l\u0131r.<\/li><li aria-level=\"1\"><b>Switch (Anahtar):<\/b>\u00a0Birden fazla cihaz\u0131n ba\u011flanabilmesi i\u00e7in gereken a\u011f donan\u0131m\u0131d\u0131r.<\/li><li aria-level=\"1\"><b>Ethernet Kablolar\u0131:<\/b>\u00a0Cihazlar\u0131 y\u00f6nlendiriciye veya anahtara ba\u011flayan kablolard\u0131r.<\/li><li aria-level=\"1\"><b>A\u011f Kart\u0131:<\/b>\u00a0Cihazlar\u0131n a\u011fa ba\u011flanmas\u0131n\u0131 sa\u011flar.<\/li><\/ol><p>Bu ekipmanlar\u0131 edinerek\u00a0<em>LAN kurulumunu<\/em>\u00a0sorunsuz bir \u015fekilde yapabilirsiniz.<\/p><h2><span id=\"LAN_Kurulumunda_Dikkat_Edilmesi_Gereken_Guvenlik_Ipuclari\" class=\"ez-toc-section\"><\/span><b>LAN Kurulumunda Dikkat Edilmesi Gereken G\u00fcvenlik \u0130pu\u00e7lar\u0131<\/b><\/h2><p><i>LAN a\u011f\u0131<\/i>\u00a0kurarken g\u00fcvenlik \u00f6nlemleri almak olduk\u00e7a \u00f6nemlidir. A\u011fa ba\u011flanan cihazlar ve veriler, d\u0131\u015f sald\u0131r\u0131lara kar\u015f\u0131 korunmal\u0131d\u0131r.\u00a0A\u011f Kurulumu\u00a0yaparken dikkat edilmesi gereken g\u00fcvenlik ad\u0131mlar\u0131:<\/p><ol><li aria-level=\"1\"><b>G\u00fc\u00e7l\u00fc \u015eifreleme:<\/b>\u00a0WPA3 gibi g\u00fc\u00e7l\u00fc \u015fifreleme protokolleri kullanarak a\u011fa yetkisiz eri\u015fimi \u00f6nleyin.<\/li><li aria-level=\"1\"><b>Firewall Kullan\u0131m\u0131:<\/b>\u00a0A\u011f\u0131n g\u00fcvenli\u011fini sa\u011flamak i\u00e7in modem veya y\u00f6nlendirici \u00fczerindeki g\u00fcvenlik duvar\u0131n\u0131 etkinle\u015ftirin.<\/li><li aria-level=\"1\"><b>Kullan\u0131c\u0131 Eri\u015fim K\u0131s\u0131tlamalar\u0131:<\/b>\u00a0A\u011fa yaln\u0131zca yetkili ki\u015filerin eri\u015fimini sa\u011flayarak g\u00fcvenli\u011fi art\u0131r\u0131n.<\/li><li aria-level=\"1\"><b>D\u00fczenli G\u00fcncellemeler:<\/b>\u00a0T\u00fcm a\u011f bile\u015fenlerini ve yaz\u0131l\u0131mlar\u0131n\u0131 g\u00fcncel tutarak g\u00fcvenlik a\u00e7\u0131klar\u0131n\u0131 kapat\u0131n.<\/li><\/ol><p>A\u011f g\u00fcvenli\u011fini sa\u011flamak, payla\u015f\u0131lan verilerin gizlili\u011fini korumak i\u00e7in b\u00fcy\u00fck \u00f6nem ta\u015f\u0131r.<\/p><h2><span id=\"LAN_Kurulumu_Sonrasi_Yapilacak_Test_ve_Kontroller\" class=\"ez-toc-section\"><\/span><b>LAN Kurulumu Sonras\u0131 Yap\u0131lacak Test ve Kontroller<\/b><\/h2><p>Kurulumun ard\u0131ndan a\u011f\u0131n d\u00fczg\u00fcn \u00e7al\u0131\u015ft\u0131\u011f\u0131ndan emin olmak i\u00e7in baz\u0131 kontroller yapman\u0131z \u00f6nemlidir. \u0130\u015fte yapman\u0131z gereken testler:<\/p><ol><li aria-level=\"1\"><b>Ba\u011flant\u0131 Testi:<\/b>\u00a0Her cihaz\u0131n do\u011fru \u015fekilde a\u011fa ba\u011fland\u0131\u011f\u0131ndan ve internete eri\u015febildi\u011finden emin olun.<\/li><li aria-level=\"1\"><b>Veri H\u0131z\u0131 Testi:<\/b>\u00a0\u0130nternet h\u0131z\u0131n\u0131 test edin ve cihazlar aras\u0131ndaki veri aktar\u0131m h\u0131z\u0131n\u0131 kontrol edin.<\/li><li aria-level=\"1\"><b>G\u00fcvenlik Kontrolleri:<\/b>\u00a0A\u011fa yetkisiz eri\u015fimlerin olup olmad\u0131\u011f\u0131n\u0131 g\u00f6zden ge\u00e7irin ve gerekli \u00f6nlemleri al\u0131n.<\/li><\/ol><p>Bu ad\u0131mlar\u0131 takip ederek LAN a\u011f\u0131n\u0131z\u0131 sorunsuz bir \u015fekilde kurabilirsiniz.<\/p><h2><span id=\"LAN_Kurulumu_Yapmanin_Avantajlari\" class=\"ez-toc-section\"><\/span><b>LAN Kurulumu Yapman\u0131n Avantajlar\u0131<\/b><\/h2><p><strong>LAN kurulumu<\/strong>\u00a0yapman\u0131n i\u015fyerlerinde ve evlerde bir\u00e7ok avantaj\u0131 bulunmaktad\u0131r.<\/p><ol><li aria-level=\"1\"><b>H\u0131zl\u0131 Veri Transferi:<\/b>\u00a0LAN a\u011f\u0131, veri transfer h\u0131z\u0131n\u0131 art\u0131rarak dosyalar\u0131n h\u0131zl\u0131ca payla\u015f\u0131lmas\u0131n\u0131 sa\u011flar.<\/li><li aria-level=\"1\"><b>G\u00fcvenilirlik ve G\u00fcvenlik:<\/b>\u00a0LAN ba\u011flant\u0131s\u0131, payla\u015f\u0131lan dosyalar\u0131n g\u00fcvenli\u011fini art\u0131r\u0131r ve yetkisiz eri\u015fimlere kar\u015f\u0131 g\u00fcvenlik sa\u011flar.<\/li><li aria-level=\"1\"><b>Kaynaklar\u0131n Verimli Kullan\u0131m\u0131:<\/b>\u00a0Yaz\u0131c\u0131, dosya sunucusu veya di\u011fer a\u011f donan\u0131mlar\u0131n\u0131n payla\u015f\u0131m\u0131, cihaz maliyetlerini azalt\u0131r.<\/li><li aria-level=\"1\"><b>Kolay Y\u00f6netim:<\/b>\u00a0T\u00fcm cihazlar\u0131n merkezi olarak y\u00f6netilmesini ve kontrol edilmesini sa\u011flar.<\/li><\/ol><p>\u00d6rne\u011fin bir ofisteki yaz\u0131c\u0131y\u0131 her \u00e7al\u0131\u015fan\u0131n kendi bilgisayar\u0131ndan kullanabilmesi, LAN\u2019\u0131n en \u00e7ok tercih edilme nedenlerinden biridir.<\/p><h2><span id=\"LAN_Kurulumu_Hakkinda_Sikca_Sorulan_Sorular\" class=\"ez-toc-section\"><\/span>LAN Kurulumu Hakk\u0131nda S\u0131k\u00e7a Sorulan Sorular<\/h2><h3><span id=\"LAN_Kurulumu_Icin_Hangi_Ekipmanlara_Ihtiyacim_Var\" class=\"ez-toc-section\"><\/span>LAN Kurulumu \u0130\u00e7in Hangi Ekipmanlara \u0130htiyac\u0131m Var?<\/h3><p>LAN kurulumu i\u00e7in temel olarak modem, router (y\u00f6nlendirici), switch, Ethernet kablosu ve ba\u011flanacak cihazlar (bilgisayar, yaz\u0131c\u0131 gibi) gereklidir. Router, internet ba\u011flant\u0131s\u0131n\u0131 sa\u011flar; switch ise a\u011fdaki cihazlar\u0131n birbirine ba\u011flanmas\u0131n\u0131 kolayla\u015ft\u0131r\u0131r.<\/p><h3><span id=\"LAN_ve_WLAN_Arasindaki_Fark_Nedir\" class=\"ez-toc-section\"><\/span>LAN ve WLAN Aras\u0131ndaki Fark Nedir?<\/h3><p>LAN, kablo ile olu\u015fturulan bir yerel a\u011fken, WLAN (Wireless Local Area Network) kablosuz ba\u011flant\u0131 sunar. WLAN\u2019da cihazlar Wi-Fi arac\u0131l\u0131\u011f\u0131yla internete ba\u011flanabilir. LAN, genellikle daha stabil ve h\u0131zl\u0131d\u0131r, ancak kablo gereksinimi vard\u0131r; WLAN ise kablosuz ba\u011flant\u0131 sa\u011flad\u0131\u011f\u0131 i\u00e7in daha esnek bir kullan\u0131m sunar.<\/p><h3><span id=\"LAN_Kurulumunda_Router_ve_Switch_Arasindaki_Fark_Nedir\" class=\"ez-toc-section\"><\/span>LAN Kurulumunda Router ve Switch Aras\u0131ndaki Fark Nedir?<\/h3><p>Router, interneti ev veya i\u015f yeri a\u011f\u0131na da\u011f\u0131tan cihazd\u0131r. Switch ise birden fazla cihaz\u0131n ayn\u0131 a\u011f \u00fczerinde birbirine ba\u011flanmas\u0131n\u0131 sa\u011flar. K\u0131sacas\u0131, router internet eri\u015fimini sa\u011flarken switch cihazlar aras\u0131nda veri ak\u0131\u015f\u0131n\u0131 y\u00f6netir.<\/p><h3><span id=\"LAN_Kurulumunu_Kendim_Yapabilir_miyim\" class=\"ez-toc-section\"><\/span>LAN Kurulumunu Kendim Yapabilir miyim?<\/h3><p>Evet, temel bilgi ve do\u011fru ekipmanlarla LAN kurulumunu kendiniz yapabilirsiniz. Ancak, \u00e7ok say\u0131da cihaz ve karma\u015f\u0131k yap\u0131land\u0131rmalar s\u00f6z konusuysa bir uzmandan yard\u0131m almak daha do\u011fru olabilir. Temel bir kurulum i\u00e7in k\u0131lavuzlar\u0131 takip edebilirsiniz.<\/p><h3><span id=\"LAN_Kablosu_Seciminde_Nelere_Dikkat_Etmeliyim\" class=\"ez-toc-section\"><\/span>LAN Kablosu Se\u00e7iminde Nelere Dikkat Etmeliyim?<\/h3><p>LAN kablosu se\u00e7erken h\u0131z ve dayan\u0131kl\u0131l\u0131k \u00f6nemlidir. Cat5e, Cat6 ve Cat6a gibi farkl\u0131 kategorilerde kablolar vard\u0131r. Cat5e g\u00fcnl\u00fck kullan\u0131m i\u00e7in yeterliyken, daha y\u00fcksek h\u0131zlar isteyen kullan\u0131c\u0131lar Cat6 veya Cat6a tercih etmelidir. Ayr\u0131ca kablonun uzunlu\u011fu ve kaliteli bir kaplama da g\u00f6z \u00f6n\u00fcnde bulundurulmal\u0131d\u0131r.<\/p><h3><span id=\"LAN_Kurulumu_Icin_Hangi_Ag_Protokollerini_Kullanmaliyim\" class=\"ez-toc-section\"><\/span>LAN Kurulumu \u0130\u00e7in Hangi A\u011f Protokollerini Kullanmal\u0131y\u0131m?<\/h3><p>LAN a\u011flar\u0131nda en \u00e7ok kullan\u0131lan protokoller TCP\/IP, UDP ve Ethernet\u2019tir. TCP\/IP, verilerin do\u011frulu\u011funu sa\u011flarken, UDP h\u0131zl\u0131 veri iletimi sa\u011flar ve Ethernet ise LAN ba\u011flant\u0131lar\u0131n\u0131n temel protokol\u00fcd\u00fcr. A\u011f\u0131n ihtiya\u00e7lar\u0131na g\u00f6re protokol se\u00e7imi yap\u0131lmal\u0131d\u0131r.<\/p><h3><span id=\"LAN_Aginda_IP_Adreslerini_Nasil_Yonetebilirim\" class=\"ez-toc-section\"><\/span>LAN A\u011f\u0131nda IP Adreslerini Nas\u0131l Y\u00f6netebilirim?<\/h3><p>LAN a\u011f\u0131nda IP adreslerini y\u00f6netmek i\u00e7in router \u00fczerinden IP adresi atayabilirsiniz. Statik IP adresleri, cihazlara belirli bir IP atanmas\u0131 i\u00e7in kullan\u0131l\u0131r ve DHCP (Dinamik IP Atama) otomatik olarak IP da\u011f\u0131tabilir. Router ayarlar\u0131ndan bu i\u015flemleri yapabilirsiniz.<\/p><h3><span id=\"LAN_Guvenligi_Nasil_Saglanir\" class=\"ez-toc-section\"><\/span>LAN G\u00fcvenli\u011fi Nas\u0131l Sa\u011flan\u0131r?<\/h3><p>LAN g\u00fcvenli\u011fi i\u00e7in g\u00fc\u00e7l\u00fc bir \u015fifreleme, firewall kullan\u0131m\u0131 ve MAC adresi filtreleme yap\u0131labilir. Cihazlar\u0131n g\u00fcvenlik yaz\u0131l\u0131mlar\u0131n\u0131n g\u00fcncel olmas\u0131, a\u011fdaki cihazlar\u0131n s\u00fcrekli olarak kontrol edilmesi de g\u00fcvenli\u011fi art\u0131r\u0131r. Ayr\u0131ca, yaln\u0131zca tan\u0131nan cihazlar\u0131n a\u011fa eri\u015fimine izin verilmesi \u00f6nemlidir.<\/p><h3><span id=\"LAN_Agi_Ne_Kadar_Hizli_Olabilir\" class=\"ez-toc-section\"><\/span>LAN A\u011f\u0131 Ne Kadar H\u0131zl\u0131 Olabilir?<\/h3><p>LAN ba\u011flant\u0131s\u0131n\u0131n h\u0131z\u0131 kullan\u0131lan kablo t\u00fcr\u00fcne, ba\u011flant\u0131 cihazlar\u0131na ve internet sa\u011flay\u0131c\u0131s\u0131n\u0131n h\u0131z\u0131na ba\u011fl\u0131 olarak de\u011fi\u015fir. Cat6 ve \u00fczeri kablolama ile gigabit h\u0131z\u0131na ula\u015f\u0131labilir. Y\u00fcksek h\u0131z i\u00e7in kaliteli kablo, g\u00fcncel bir router ve h\u0131zl\u0131 bir internet sa\u011flay\u0131c\u0131s\u0131 \u00f6nemlidir.<\/p>\t\t\t\t\t\t\t\t<\/div>\n\t\t\t\t\t<\/div>\n\t\t\t\t<\/div>\n\t\t\t\t<\/div>\n\t\t","protected":false},"excerpt":{"rendered":"<p>LAN (Local Area Network), belirli bir alan i\u00e7inde (\u00f6rne\u011fin, ev, ofis veya okul gibi) cihazlar\u0131n birbirine ba\u011flanarak veri payla\u015f\u0131m\u0131 yapmas\u0131n\u0131 sa\u011flayan yerel a\u011f sistemidir. LAN kurulumu i\u00e7in \u00f6ncelikle bir modem veya y\u00f6nlendirici (router) belirlenmeli ve a\u011f topolojisine g\u00f6re cihazlar kablolu (Ethernet) veya kablosuz (Wi-Fi) olarak ba\u011flanmal\u0131d\u0131r. Switch, eri\u015fim noktalar\u0131 (Access Point) ve a\u011f kablolar\u0131 gibi&hellip;<\/p>\n","protected":false},"author":1,"featured_media":0,"parent":0,"menu_order":0,"comment_status":"closed","ping_status":"closed","template":"","meta":{"footnotes":""},"class_list":["post-1653","page","type-page","status-publish","hentry"],"_links":{"self":[{"href":"http:\/\/altinolukbilgisayar.com\/index.php\/wp-json\/wp\/v2\/pages\/1653","targetHints":{"allow":["GET"]}}],"collection":[{"href":"http:\/\/altinolukbilgisayar.com\/index.php\/wp-json\/wp\/v2\/pages"}],"about":[{"href":"http:\/\/altinolukbilgisayar.com\/index.php\/wp-json\/wp\/v2\/types\/page"}],"author":[{"embeddable":true,"href":"http:\/\/altinolukbilgisayar.com\/index.php\/wp-json\/wp\/v2\/users\/1"}],"replies":[{"embeddable":true,"href":"http:\/\/altinolukbilgisayar.com\/index.php\/wp-json\/wp\/v2\/comments?post=1653"}],"version-history":[{"count":8,"href":"http:\/\/altinolukbilgisayar.com\/index.php\/wp-json\/wp\/v2\/pages\/1653\/revisions"}],"predecessor-version":[{"id":1914,"href":"http:\/\/altinolukbilgisayar.com\/index.php\/wp-json\/wp\/v2\/pages\/1653\/revisions\/1914"}],"wp:attachment":[{"href":"http:\/\/altinolukbilgisayar.com\/index.php\/wp-json\/wp\/v2\/media?parent=1653"}],"curies":[{"name":"wp","href":"https:\/\/api.w.org\/{rel}","templated":true}]}}